 = -3*m - 5*v. What is the units digit of m?
4
Suppose 0*p - 2*w = 2*p - 2, 6 = -2*w. Suppose -2*i + 1 = -3*d - 0*d, -5*i - p*d = -14. What is the tens digit of 4/((-120)/(-3266)) - i/(-15)?
0
Let h(o) = -o**3 + 49*o**2 - 4*o + 44. Let c be h(49). Let w = c + 1082. What is the tens digit of w?
3
Let d = 826 + -273. Let l = d - 31. What is the tens digit of l?
2
Let s(h) = -4*h - 13. Let d be s(-10). What is the units digit of (-2360)/(-177)*d/(-4)*-1?
0
What is the hundreds digit of (0 - 0)*5*(-18)/180 + 39998?
9
Let d(b) = -2*b**2 + 20*b - 35. Let z(s) = -s**2 + 7*s - 12. Let u(y) = 2*d(y) - 7*z(y). What is the units digit of u(11)?
8
Let i = -145 - -142. What is the hundreds digit of (i/(-2))/((-29)/(-6206))?
3
Suppose 6*h = 4*h + 4. Suppose 6*c - 248 = -8. Suppose 0*a - c = -h*a. What is the tens digit of a?
2
Suppose 5*k = -3*k - 280. Let r = k + 40. Suppose -16*i = -r*i - 638. What is the units digit of i?
8
Suppose 3277 + 815 = -6*o. What is the tens digit of -7 - -5 - o - (2 - 0)?
7
Suppose -13*r = 518 + 925. Let l = r - -495. What is the units digit of l?
4
What is the units digit of 1/(-2) - (-1053010)/196?
2
Let w be (-5)/(-10) + 3060/8 + 3. Suppose 2*z + 74*f = 71*f + 202, -4*z + 3*f + w = 0. What is the units digit of z?
8
What is the units digit of 28/(-4) + 2 - (-23114 + -5 + 5)?
9
Suppose 152 + 145 = 11*a. Suppose -7*k + a = 13. What is the units digit of k?
2
Suppose 24773 = 3*n - 5*f, 0 = 3*n + 294*f - 291*f - 24837. What is the hundreds digit of n?
2
Suppose -2*h = -4*h + 188. Let r be 20*h*1/2. Suppose 10*a - 5*a = r. What is the hundreds digit of a?
1
Suppose 3*j - 181 = 4*w, -4*j - 5*w + 10*w = -241. Let u(p) = 5*p**2 - 15*p + 172. Let n be u(7). Let l = n - j. What is the tens digit of l?
5
Let f(p) = 11*p + 2*p**2 + 3 + 4*p**2 - 5*p**2. Let y be f(-11). Suppose 5*r + 52 = -3*h + 170, -y*h - r = -110. What is the tens digit of h?
3
Let y = -322 + 293. Let q(g) = g**2 - g - 155. What is the hundreds digit of q(y)?
7
Let u(p) = 15*p**2 - 91*p + 1. Let r be u(6). What is the hundreds digit of 19/((-95)/(-3120)) + r?
6
Let u = -6155 - -10963. Suppose 4*f = -z + u, 5*z = -3*f - 726 + 4332. What is the hundreds digit of f?
2
Let s(k) be the first derivative of 1/3*k**3 + 2 + 1/2*k**2 + 6*k. What is the units digit of s(0)?
6
Let r = -944 - -1626. Suppose -5*k = -r + 212. What is the tens digit of k?
9
Let p be 0/(0 + 6 + -4). Suppose m - 77 + 12 = p. What is the units digit of m?
5
Suppose -3*f + 5*t = -4, -28 = -f - 3*t - 2*t. Suppose 0 = 10*z - f*z - 2*s - 222, 5*z - 3*s - 559 = 0. What is the units digit of z?
3
Let g = 175 + 129. Suppose 0 = 2*o + 2*a - g, -3*o + 2*a = -0*o - 476. What is the units digit of o?
6
Let w(v) = 2*v**2 - 19*v + 16. Let f be w(10). Let h = f + 29. What is the units digit of h?
5
Let n = 18 - -2. Suppose 2*k = -3*k + n. What is the units digit of (154/(-4))/((8/k)/(-4))?
7
Let q = 105 + -101. Let m be -113 - (q + (1 - 8)). Let i = m - -287. What is the tens digit of i?
7
Let a = 6433 + -1962. What is the hundreds digit of a?
4
Suppose -73 = -i - 71. Suppose i*q - 838 = -0*l + 4*l, -3*l = 9. What is the hundreds digit of q?
4
Let g(p) = 9*p**3 - 2*p - 12*p**3 + 2*p**3 + 20 + 9*p**2. Let w be g(9). Suppose 165 = 5*t + s, -w*t = -t + 2*s - 24. What is the units digit of t?
4
Let r = -91 - -90. Let b be (-2 + r/(-2))*(-13 - -11). Suppose 3*f - 3 = 2*f, -b*f = -4*k + 707. What is the units digit of k?
9
What is the ten thousands digit of (4/14)/((-508)/(-35910266))?
2
Let n(k) = 2335*k - 450. What is the thousands digit of n(3)?
6
Let x(m) = -62*m - 6. Let f(u) = u + 1. Let d(j) = -4*f(j) + x(j). What is the tens digit of d(-5)?
2
Suppose -12*h + 9*h + 100299 = 3*s, 7*h = 5*s - 167141. What is the hundreds digit of s?
4
Let a(j) = j**2 + j - 3*j + 6*j + 2*j + 1. Let y be a(-6). Let l(d) = 182*d + 4. What is the units digit of l(y)?
6
Let t = -19857 - -28778. What is the tens digit of t?
2
Let b(o) = 41*o**2 + 11*o - 6. Suppose 2*r = -4*h, -12*r + 3*h = -7*r + 26. What is the tens digit of b(r)?
0
Suppose -6*n = -8*n + 3*y + 9, -2*n - y = -5. Suppose -1487 = -m - n*x, -2974 = -2*m - 5*x + 8*x. What is the units digit of m?
7
Let p(l) = 2*l**3 - 11*l**2 - 3*l - 24. Let z = -46 - -42. Let d(x) = -2*x**3 + 10*x**2 + 3*x + 23. Let v(a) = z*d(a) - 3*p(a). What is the tens digit of v(6)?
4
Let k(c) = 15*c**2 - 6*c - 26. Let b be k(-6). Suppose 9*t = 4*t + b. What is the units digit of t?
0
Suppose -4*z + 16 = -d - 3*d, -5*d - 4*z = -25. Let y(q) = -d - 9*q - q**3 - 3 + q + 2 - 8*q**2. What is the units digit of y(-7)?
5
What is the thousands digit of 1*(-6)/(-11) - (1108194/(-22) + -5)?
0
What is the thousands digit of (216 + 14)/(64/175 - 10/35)?
2
Suppose -3*k + 4*r - 7*r = 30, -2*k = 5*r + 35. What is the hundreds digit of 59*((-1 - (-1 - k)) + 10)?
2
Let o(z) = 537*z**3 - 58*z**2 + 172*z + 14. What is the hundreds digit of o(3)?
5
Let u(a) = 33*a**3 - 5*a**2 + 3*a + 2. Let c be u(2). Suppose -h + 5*j = -c, -3*h + 851 = -2*j + 6*j. What is the hundreds digit of h?
2
Let a = 16039 - 1409. What is the hundreds digit of a?
6
Let z(f) = 180*f**2 + 208*f - 104. What is the hundreds digit of z(-6)?
1
Let u(m) be the first derivative of m**2 + 23*m - 15. Let z be u(-12). What is the tens digit of z - (-108)/(-1 + 3)?
5
Suppose 61*d - 141615 - 882310 = -35054. What is the units digit of d?
1
Let j(q) = 73*q - 48. Let a be j(10). Let g = a + -237. What is the units digit of g?
5
Suppose 2*j - 1671 = -i, 2*i + 4*j = 7*j + 3321. Suppose -252*s = -255*s + i. What is the tens digit of s?
5
What is the thousands digit of (-13 - -19) + 7404/1 - (0 - 1)?
7
Let b = 2411 - 865. Suppose 14*f = -3*n + 12*f + b, -2574 = -5*n - 4*f. What is the hundreds digit of n?
5
Let y(p) be the second derivative of -10*p**3/3 - 52*p**2 + 46*p. What is the units digit of y(-30)?
6
Suppose 15*o + 13*o + 12061 = 81389. What is the tens digit of o?
7
Let n be (-4)/(-14) + 17369/(-7). Let m = 3527 + n. What is the thousands digit of m?
1
Let h(w) = -w - 25. Let u be h(-29). Suppose v - 4*v = -5*k - 144, 12 = u*k. What is the tens digit of v?
5
Suppose 3*w = -4*d + 44894, -10608 = 2*d + 5*w - 33034. What is the units digit of d?
8
Suppose -225*u + 218*u = -17101. What is the hundreds digit of u?
4
Let p(n) = n + 7. Let g be p(-3). Let q = -1 - g. What is the units digit of -2 - -3 - (0/q - 132)?
3
Let d = -15726 + 47723. What is the ten thousands digit of d?
3
Let i be ((-2)/(-6) - (-26)/(-24))*-40. Suppose -25*u = -i*u + 45. What is the tens digit of 380/u - 2/9?
4
Let q(x) = 112*x - 333. Let i be q(3). Suppose -5*n = 5, -2*m + 6*n - 3*n = -5. What is the tens digit of m/i + 71/3?
2
Suppose 2*w + 4*d = 3138, 4*d - 1247 = -w + 314. What is the hundreds digit of w?
5
Let n = -11 + 28. Let d = -308 - -144. Let z = n - d. What is the units digit of z?
1
Suppose 2716260 = 61*s - 8*s + 32*s. What is the hundreds digit of s?
9
Let z(o) = 3*o**3 - 20*o**2 - 72*o - 233. What is the thousands digit of z(18)?
9
Let s(f) = -f**2 + 12*f + 2. Let d(p) = -p**2 - 6*p + 4. Let g be d(-2). Let i be s(g). What is the tens digit of -1*(i - 0) - (-448)/2?
2
Let w(k) = -32*k**2 + 3*k - 9. Let p(q) = -16*q**2 + q - 4. Let a(y) = -14*p(y) + 6*w(y). Let c = -42 - -40. What is the hundreds digit of a(c)?
1
What is the ten thousands digit of ((-56)/392)/((-2)/762846)?
5
Suppose 6541 = 26*b + 5*b. Let d = 101 + b. What is the units digit of d?
2
Let b = 131 - 77. Let s = b - 51. Suppose 162 = g - 4*x, 450 = s*g - 8*x + 5*x. What is the tens digit of g?
4
Suppose -36*h = -2*h - 10676. What is the hundreds digit of h?
3
Suppose 5*u - 18247 = -3*x, -41*x - 5*u = -40*x - 6099. What is the hundreds digit of x?
0
Let n = 361 - 354. What is the hundreds digit of ((-358)/(-1))/(n + -6)?
3
Suppose 122*s - 120 = 120*s. Let z = 116 + s. What is the units digit of z?
6
Let i(d) = d**3 + 2*d**2 + 4*d + 3. Let b be i(-1). Let n be 30*(12/10 - b). Suppose -5*z + 60 = -5*q, 4*z - n = -2*q - 0*q. What is the units digit of z?
0
Suppose -264 = -3*o + 4*p, 93 = o - 6*p + 3*p. Suppose 0 = o*n - 88*n - 48. What is the units digit of 354/(-3)*n/(-8)*-1?
7
Let k(l) = 36*l**2 + 55*l + 32. What is the tens digit of k(-11)?
8
What is the hundreds digit of ((-4 - -2)*15)/(252/(-123) - -2)?
6
Su